{"id":3773,"date":"2018-10-24T14:50:37","date_gmt":"2018-10-24T14:50:37","guid":{"rendered":"http:\/\/quanticalabs.com\/wptest\/medicenter-new\/?page_id=3773"},"modified":"2020-03-28T19:08:01","modified_gmt":"2020-03-28T19:08:01","slug":"opieka-wieczorna-i-swiateczna","status":"publish","type":"page","link":"https:\/\/panamed.com.pl\/index.php\/opieka-wieczorna-i-swiateczna\/","title":{"rendered":"Opienka wieczorna i \u015bwiateczna"},"content":{"rendered":"<p>[vc_row type=&#8221;full-width&#8221; top_margin=&#8221;page-margin-top-section&#8221; css=&#8221;.vc_custom_1539171509042{background: #f0f0f0 url(http:\/\/quanticalabs.com\/wptest\/medicenter-new\/files\/2018\/10\/wp_medicenter_asset.png?id=3836) !important;background-position: 0 0 !important;background-repeat: no-repeat !important;}&#8221; el_class=&#8221;padding-top-89 padding-bottom-50 background-right&#8221;][vc_column][vc_row_inner][vc_column_inner]<h2 class=\"box-header large align-center\">Adresy pomocy nocnej<\/h2>[vc_column_text el_class=&#8221;large margin-top-20 align-center&#8221;]Poni\u017cej zamieszczemy adresy wraz\u00a0plac\u00f3wek w kt\u00f3rych \u015bwiadczona jest pomoc<br \/>\nwieczorem, w nocy i w dni ustawowo wolne od pracy.<br \/>\nPod adresem plac\u00f3wki zamieszczony jest uniwersalny numer do zg\u0142osze\u0144.[\/vc_column_text][\/vc_column_inner][\/vc_row_inner][vc_row_inner top_margin=&#8221;page-margin-top&#8221;][vc_column_inner width=&#8221;1\/3&#8243;][vc_column_text]<\/p>\n<h3><strong>Okr\u0119gowy Szpital Kolejowy w Katowicach<\/strong><\/h3>\n<h4>ul. Panewnicka 65<\/h4>\n<div>\n<ul>\n<li>porada lekarska ambulatoryjna,<\/li>\n<li>wizyta piel\u0119gniarska ambulatoryjna<\/li>\n<\/ul>\n<h5>32 258 60 74;<br \/>\nOpieka wyjazdowa &#8211; 32 255 61 62<br \/>\n(wew. 290 lub wew. 311)<\/h5>\n<\/div>\n<p>[\/vc_column_text][\/vc_column_inner][vc_column_inner width=&#8221;1\/3&#8243;][vc_column_text css=&#8221;.vc_custom_1585416475293{padding-top: -10px !important;}&#8221;]<\/p>\n<h3><strong>Okr\u0119gowy Szpital Kolejowy w Katowicach<\/strong><\/h3>\n<h4><strong>Szpital Murcki Sp. z o.o.<\/strong><br \/>\n<strong>ul. Soko\u0142owskiego 2<\/strong><\/h4>\n<div>\n<ul>\n<li>porada lekarska udzielana w miejscu zamieszkania lub pobytu pacjenta<\/li>\n<li>wizyta piel\u0119gniarska udzielana w miejscu zamieszkania lub pobytu pacjenta,<\/li>\n<li>porady lekarskie udzielane telefonicznie<\/li>\n<\/ul>\n<h5><strong>32 258 60 74;<br \/>\n<\/strong><strong>Opieka wyjazdowa &#8211; 32 255 61 62<br \/>\n(wew. 290 lub wew. 311)<\/strong><\/h5>\n<\/div>\n<p>[\/vc_column_text][\/vc_column_inner][vc_column_inner width=&#8221;1\/3&#8243;][vc_column_text]<\/p>\n<h3><strong>Szpital Murcki Sp. z o.o.<\/strong><\/h3>\n<h4><strong>ul. Soko\u0142owskiego 2<\/strong><\/h4>\n<ul>\n<li>porada lekarska ambulatoryjna,<\/li>\n<li>wizyta piel\u0119gniarska ambulatoryjna,<\/li>\n<li>porada lekarska udzielana w miejscu zamieszkania lub pobytu pacjenta,<\/li>\n<li>wizyta piel\u0119gniarska udzielana w miejscu zamieszkania lub pobytu pacjenta,<\/li>\n<li>porady lekarskie udzielane telefonicznie<\/li>\n<\/ul>\n<h5><strong>32 258 60 74;<\/strong><br \/>\n<strong>Opieka wyjazdowa &#8211; 32 255 61 62 <\/strong><\/h5>\n<h5><strong>(wew. 290 lub wew. 311)<\/strong><\/h5>\n<p>[\/vc_column_text][\/vc_column_inner][\/vc_row_inner][vc_row_inner top_margin=&#8221;page-margin-top&#8221;][vc_column_inner][vc_separator][\/vc_column_inner][\/vc_row_inner][vc_row_inner top_margin=&#8221;page-margin-top&#8221;][vc_column_inner width=&#8221;1\/3&#8243;][vc_column_text]<\/p>\n<h3><strong>Szpital Zakonu Bonifratr\u00f3w w Katowicach<\/strong><\/h3>\n<h4><strong>ul. Ks. Markiefki 87<\/strong><\/h4>\n<div>\n<ul>\n<li>porada lekarska ambulatoryjna,<\/li>\n<li>wizyta piel\u0119gniarska ambulatoryjna<\/li>\n<\/ul>\n<\/div>\n<h5><strong>32 258 60 74;<\/strong><br \/>\n<strong>opieka wyjazdowa &#8211; 32 255 61 62 <\/strong><\/h5>\n<h5><strong>(wew. 290 lub wew. 311)<\/strong><\/h5>\n<p>[\/vc_column_text][\/vc_column_inner][vc_column_inner width=&#8221;1\/3&#8243;][vc_column_text css=&#8221;.vc_custom_1585416524959{padding-top: -10px !important;}&#8221;]<\/p>\n<h3><strong>Szpital Zakonu Bonifratr\u00f3w w Katowicach<\/strong><\/h3>\n<h4><strong>Szpital Murcki Sp. z o.o.<\/strong><br \/>\n<strong>ul. Soko\u0142owskiego 2<\/strong><\/h4>\n<div>\n<ul>\n<li>porada lekarska udzielana telefonicznie,<\/li>\n<li>porada lekarska udzielana w miejscu zamieszkania lub pobytu pacjenta,<\/li>\n<li>wizyta piel\u0119gniarska udzielana w miejscu zamieszkania lub pobytu pacjenta<\/li>\n<\/ul>\n<\/div>\n<h5><strong>32 258 60 74;<\/strong><br \/>\n<strong>opieka wyjazdowa &#8211; 32 255 61 62 <\/strong><\/h5>\n<h5><strong>(wew. 290 lub wew. 311)<\/strong><\/h5>\n<p>[\/vc_column_text][\/vc_column_inner][vc_column_inner width=&#8221;1\/3&#8243;][vc_column_text]<\/p>\n<h3><strong>American Heart of Poland SA \u2013 Szpital Polski im. \u015bw. El\u017cbiety<\/strong><\/h3>\n<h4><strong>ul. Warszawska 52<\/strong><\/h4>\n<div>\n<ul>\n<li>porada lekarska ambulatoryjna,<\/li>\n<li>wizyta piel\u0119gniarska ambulatoryjna<\/li>\n<\/ul>\n<\/div>\n<h5><strong>32 258 60 74;<\/strong><br \/>\n<strong>Opieka wyjazdowa &#8211; 32 255 61 62<br \/>\n(wew. 290 lub wew. 311)<\/strong><\/h5>\n<p>[\/vc_column_text][\/vc_column_inner][\/vc_row_inner][\/vc_column][\/vc_row]<\/p>\n","protected":false},"excerpt":{"rendered":"<p>[vc_row type=&#8221;full-width&#8221; top_margin=&#8221;page-margin-top-section&#8221; css=&#8221;.vc_custom_1539171509042{background: #f0f0f0 url(http:\/\/quanticalabs.com\/wptest\/medicenter-new\/files\/2018\/10\/wp_medicenter_asset.png?id=3836) !important;background-position: 0 0 !important;background-repeat: no-repeat !important;}&#8221; el_class=&#8221;padding-top-89 padding-bottom-50 background-right&#8221;][vc_column][vc_row_inner][vc_column_inner][vc_column_text el_class=&#8221;large margin-top-20 align-center&#8221;]Poni\u017cej zamieszczemy adresy wraz\u00a0plac\u00f3wek w kt\u00f3rych \u015bwiadczona jest pomoc wieczorem, w nocy i w dni ustawowo wolne od pracy. Pod adresem plac\u00f3wki zamieszczony jest uniwersalny numer do zg\u0142osze\u0144.[\/vc_column_text][\/vc_column_inner][\/vc_row_inner][vc_row_inner top_margin=&#8221;page-margin-top&#8221;][vc_column_inner width=&#8221;1\/3&#8243;][vc_column_text] Okr\u0119gowy Szpital Kolejowy w Katowicach ul. Panewnicka 65<\/p>\n","protected":false},"author":1,"featured_media":0,"parent":0,"menu_order":0,"comment_status":"closed","ping_status":"closed","template":"","meta":[],"_links":{"self":[{"href":"https:\/\/panamed.com.pl\/index.php\/wp-json\/wp\/v2\/pages\/3773"}],"collection":[{"href":"https:\/\/panamed.com.pl\/index.php\/wp-json\/wp\/v2\/pages"}],"about":[{"href":"https:\/\/panamed.com.pl\/index.php\/wp-json\/wp\/v2\/types\/page"}],"author":[{"embeddable":true,"href":"https:\/\/panamed.com.pl\/index.php\/wp-json\/wp\/v2\/users\/1"}],"replies":[{"embeddable":true,"href":"https:\/\/panamed.com.pl\/index.php\/wp-json\/wp\/v2\/comments?post=3773"}],"version-history":[{"count":27,"href":"https:\/\/panamed.com.pl\/index.php\/wp-json\/wp\/v2\/pages\/3773\/revisions"}],"predecessor-version":[{"id":4480,"href":"https:\/\/panamed.com.pl\/index.php\/wp-json\/wp\/v2\/pages\/3773\/revisions\/4480"}],"wp:attachment":[{"href":"https:\/\/panamed.com.pl\/index.php\/wp-json\/wp\/v2\/media?parent=3773"}],"curies":[{"name":"wp","href":"https:\/\/api.w.org\/{rel}","templated":true}]}}